ctor of k and 4.
4
Let r = -165 + 256. What is the greatest common factor of r and 13?
13
Suppose -824 - 232 = -32*v. Calculate the highest common divisor of 15 and v.
3
Let j be (-1)/(-2) - (-186)/(-12). Let g = j - -26. Suppose 2*d = -4*k + 134, 0 = -2*k + 5*d - g + 96. Calculate the highest common factor of 5 and k.
5
Suppose -2*d - 2125 = 733. Let p = -997 - d. What is the highest common divisor of p and 54?
54
Suppose 23 = 4*p - 217. Let a = 123 + -33. What is the greatest common factor of a and p?
30
Let p(n) = 44*n - 86. Let k be p(2). What is the greatest common divisor of k and 114?
2
Let w be (24/36)/(2/54). Calculate the highest common divisor of 12 and w.
6
Let j(t) = 3*t**3 + 81*t**2 - 5*t + 39. Let g be j(-27). Calculate the greatest common divisor of g and 609.
87
Let d be 4 - ((-6)/(-2) - -1). Suppose 7*p - 10*p + 2688 = d. Suppose 0 = -5*r - 20, -4*r + 3*r = 5*o - p. Calculate the greatest common divisor of o and 20.
20
Suppose 0 = 2*y - 3*y + 21. Suppose y*b - 75 - 51 = 0. Let n be 27/2*4/3. Calculate the greatest common factor of b and n.
6
Let y = 32 + -27. Suppose -18 = -y*g + 37. What is the greatest common divisor of g and 44?
11
Let v = -171 + 222. What is the greatest common divisor of 17 and v?
17
Let p be (67/1)/((-4)/(-8)). Let t be 3/(-9)*-1*(-156)/4. Let j = p + t. Calculate the greatest common divisor of 11 and j.
11
Suppose -499*y + 496*y + 72 = 0. Let s be 3/(6/74) + -1. Let f be s*(-2)/(-1)*1. What is the highest common divisor of f and y?
24
Let q = -235 + 280. Calculate the highest common factor of q and 63.
9
Suppose -3*j - 3*j = 30. Let w = -1 - j. Let y be (2 + (-18)/w)*-2. Calculate the greatest common divisor of y and 40.
5
Suppose 0 = 2*z - o + 16 - 7, o = 5. Let a be (20/15)/(z/(-24)). Suppose 5*f + a = 4*t, -2*t = -3*f - 3 - 5. Calculate the greatest common divisor of 2 and t.
2
Let a(n) = -2*n + 15. Let m be a(11). Let o = 2 + m. Let h = 17 - o. What is the greatest common factor of 22 and h?
22
Let m(s) = 3*s**2 + 4*s + 37. Let z be m(-13). What is the greatest common factor of z and 12?
12
Let v(z) = -2*z - 1. Suppose 3 = -2*m - 3*m - 4*a, -3*m + 5*a = 24. Let h be v(m). Let y = h + -2. What is the greatest common factor of y and 1?
1
Let n = 177 - 172. Suppose -n*z + 74 - 14 = 0. Calculate the greatest common factor of z and 6.
6
Let c = 1175 + -1033. What is the greatest common divisor of c and 355?
71
Let j = 224 + 1. Calculate the greatest common factor of 50 and j.
25
Let u be (-16)/(-200) + 2473/25. Calculate the highest common divisor of 6 and u.
3
Suppose -2*l = -30 + 24. Suppose -d - l*j = -33, -5*d + 2*j + 147 = -69. Suppose 5*w - w - 112 = 0. What is the highest common divisor of d and w?
14
Suppose 406 = 460*l - 453*l. Calculate the highest common divisor of l and 1798.
58
Suppose -19 = -3*l + 2*y, -31 = -7*l + 3*l - 3*y. Calculate the greatest common factor of 70 and l.
7
Suppose 2*l = -2*g, -2*l - g = 3*g. Suppose 0 = -4*u + 5*q + 1167, l*u + u - 5*q = 303. What is the greatest common divisor of 32 and u?
32
Let o(g) = -3*g**3 - 3*g**2 + 4*g. Let s be o(-2). Let y be (22/(-4))/((-2)/16). What is the highest common divisor of s and y?
4
Suppose -3*p = -2*p. Suppose p = -g - 2 + 4. What is the highest common factor of 3 and g?
1
Let y be (-2)/14 - (4006/(-14) + 6). Suppose 4*v + 283 = 3*c, -3*c = -2*v + v - y. Let s be (-1)/(61/31 + -2). Calculate the greatest common divisor of s and c.
31
Let w be -8*((-312)/32 - -8). Calculate the highest common divisor of 35 and w.
7
Let q(h) = h**3 - 7*h**2 - 2*h + 8. Let z be q(6). Let u = 21 + z. Let c = u - -34. What is the highest common divisor of c and 45?
15
Let j = 715 + -697. Calculate the highest common divisor of 14 and j.
2
Let c(o) = -14*o + 4. Let m be c(-7). Let q = 170 - m. Suppose -h = -3*h - 4, -r + q = 2*h. What is the greatest common factor of 8 and r?
8
Let n = 20 - 7. Let o be (-2)/n - 528/(-52). Calculate the greatest common factor of o and 80.
10
Let h(s) = 3*s - 6. Let y be h(11). Suppose 106 = 7*o - y. Calculate the greatest common divisor of o and 152.
19
Let a = -44 - -6. Let m = 52 - a. Calculate the highest common divisor of m and 60.
30
Suppose 2*l - 3*n = -5*n - 286, -423 = 3*l + n. Let c be (l/(-49))/(4/14). Let f be (-66)/(-14) + 4/14. What is the greatest common divisor of c and f?
5
Suppose -1130*p + 220 = -1125*p. Let m be 0 + -1 + 2 - -109. Calculate the greatest common divisor of m and p.
22
Let o be (17 - -3)*792/45. Calculate the highest common factor of o and 88.
88
Let r = 1912 - 3492. Let t be (r/(-3))/5 - (-2)/(-6). What is the greatest common factor of 15 and t?
15
Let i(z) = -z**3 + 13*z**2 + 4*z - 15. Let y be i(13). Calculate the highest common divisor of 1073 and y.
37
Let l be (-38)/(-10) + 1/5. Let z be (102/l)/(12/(-16)). Let b = z - -51. What is the highest common factor of b and 17?
17
Let b be (-60)/(-6) + 66 + -7. What is the highest common factor of 15 and b?
3
Let k be (-714)/(-10) + (-6)/15. Let r = k - 15. What is the greatest common factor of r and 14?
14
Let j be (1 - 5/2)/(11/(-22)). Suppose 2*y = -j + 7. Let s be (-4)/(-10) + (-176)/(-10). What is the greatest common factor of s and y?
2
Let n be ((-202)/101)/((-2)/3). Suppose 5*u - 26 = -m, -4*u = -0*m - 2*m - 4. What is the highest common factor of m and n?
3
Let g be 276 + 1 + 3 + -3. Suppose -4*l = -g - 267. Suppose -9*r + 17 = -8*r. Calculate the greatest common factor of l and r.
17
Let b(y) = 6*y**2 - 7*y**2 + 12*y + 7*y - 10. Let p be b(13). Suppose p = 4*c + 4*u, -c + 2*u = -10 - 10. What is the greatest common divisor of c and 72?
18
Let n(s) be the first derivative of 0 + 3*s**2 + 3*s**2 + 6 - 1. Let l be n(4). What is the greatest common factor of l and 12?
12
Suppose 4*z + x = 3*z + 6, x = 5*z - 30. Suppose -b + 4 = 2, -2*m + 18 = -5*b. Let n = 46 + m. Calculate the highest common divisor of n and z.
6
Suppose -200 = -4*m - 4*n, m = 4*n - 7*n + 60. Calculate the greatest common divisor of m and 825.
15
Let y = 3 + 115. Let t = -52 + y. What is the highest common factor of 6 and t?
6
Let b(q) = -109*q - 7. Let n be b(-1). What is the highest common divisor of 119 and n?
17
Let a = -1803 + 1809. Calculate the greatest common factor of 1158 and a.
6
Let k = 59 - 27. Let n(i) = -i**2 + 80. Let l be n(0). Calculate the greatest common divisor of k and l.
16
Let d = 8 - 4. Suppose 5*c - 4*z - 139 = -3*z, 4 = d*z. Suppose 5*r = 272 + c. Calculate the greatest common divisor of 12 and r.
12
Let r(x) = x**3 + 6*x**2 + 3*x + 2. Let w be r(-5). Let l be (12 + -13)/(0 - 2/96). What is the greatest common divisor of l and w?
12
Let b(z) = -28*z - 1. Let h be b(-2). Suppose 8 = 2*q - 0*d + 5*d, 4*d = -16. Let y = 25 - q. Calculate the greatest common factor of h and y.
11
Suppose -2*h + 5*w + 4 = 0, -4*h + 6 = 3*w - 2. Suppose -3*n - 3*u = -1071, -h*u + 10 = -0*u. What is the greatest common factor of 32 and n?
32
Let q = -688 - -690. Suppose z = 4*r - 76, z = 2*r + 3*r - 95. Let v = r + -9. Calculate the highest common factor of q and v.
2
Let a = -47 - -52. What is the highest common factor of 35 and a?
5
Let k be (0 - 0/(-1))/(-2). Suppose k = p - 5*p. Suppose -16 = -j - p*j. What is the greatest common divisor of j and 40?
8
Suppose 198*b - 192*b - 66 = 0. Let p = -7 + 61. Suppose o = 4*q - 2*o - 223, 0 = q + o - p. What is the highest common divisor of q and b?
11
Suppose 3*l = -w + 21 - 6, 3*w - 4*l - 71 = 0. Let n(h) = 15*h - 84. Let x be n(6). Calculate the greatest common factor of x and w.
3
Let a be (-7)/21*3*2. Let n be (a/2)/(9/(-216)). What is the greatest common factor of 264 and n?
24
Suppose 0 = -3*m + 2*a - 6, -7 = m - 5*a + 8. Suppose m = -0*l + 4*l - 20. Calculate the greatest common factor of l and 2.
1
Suppose 204 = 3*p - 3*z, 0*p - 3*z + 316 = 5*p. Let w = 80 - p. What is the highest common factor of 195 and w?
15
Suppose -12 = -3*h + 5*v, 3*v = 4*h + 4*v - 16. Let g be 18/h*2/3. Let w be 154 + (g + -2)*0. What is the greatest common divisor of w and 14?
14
Suppose 76*c = 79*c - 12. Suppose -4*j - w = -14 - 10, 3*w = c*j - 24. Calculate the highest common divisor of 42 and j.
6
Let h(w) = 18*w**2 + 5*w + 2. Let a be h(4). Suppose -45 = -3*d + 5*o, -11*o = -14*d - 12*o + 137. What is the highest common diviso